[INFO] fetching crate async-stm32f1xx 0.2.1...
[INFO] checking async-stm32f1xx-0.2.1 against master#cfbc6d4cf1acbac5c025acf8ed68929caa551df3 for pr-75494-beta
[INFO] extracting crate async-stm32f1xx 0.2.1 into /workspace/builds/worker-5/source
[INFO] validating manifest of crates.io crate async-stm32f1xx 0.2.1 on toolchain cfbc6d4cf1acbac5c025acf8ed68929caa551df3
[INFO] running `Command { std: "/workspace/cargo-home/bin/cargo" "+cfbc6d4cf1acbac5c025acf8ed68929caa551df3" "read-manifest" "--manifest-path" "Cargo.toml", kill_on_drop: false }`
[INFO] removed /workspace/builds/worker-5/source/.cargo/config
[INFO] started tweaking crates.io crate async-stm32f1xx 0.2.1
[INFO] finished tweaking crates.io crate async-stm32f1xx 0.2.1
[INFO] tweaked toml for crates.io crate async-stm32f1xx 0.2.1 written to /workspace/builds/worker-5/source/Cargo.toml
[INFO] crate crates.io crate async-stm32f1xx 0.2.1 already has a lockfile, it will not be regenerated
[INFO] running `Command { std: "/workspace/cargo-home/bin/cargo" "+cfbc6d4cf1acbac5c025acf8ed68929caa551df3" "fetch" "--locked" "--manifest-path" "Cargo.toml", kill_on_drop: false }`
[INFO] [stderr]     Blocking waiting for file lock on package cache
[INFO] [stderr]     Blocking waiting for file lock on package cache
[INFO] [stderr]  Downloading crates ...
[INFO] [stderr]   Downloaded cortex-m v0.6.2
[INFO] [stderr]   Downloaded aligned v0.3.2
[INFO] [stderr]   Downloaded stm32f1 v0.11.0
[INFO] [stderr]   Downloaded stm32f1xx-hal v0.6.0
[INFO] running `Command { std: "docker" "create" "-v" "/var/lib/crater-agent-workspace/builds/worker-5/target:/opt/rustwide/target:rw,Z" "-v" "/var/lib/crater-agent-workspace/builds/worker-5/source:/opt/rustwide/workdir:ro,Z" "-v" "/var/lib/crater-agent-workspace/cargo-home:/opt/rustwide/cargo-home:ro,Z" "-v" "/var/lib/crater-agent-workspace/rustup-home:/opt/rustwide/rustup-home:ro,Z" "-e" "SOURCE_DIR=/opt/rustwide/workdir" "-e" "CARGO_TARGET_DIR=/opt/rustwide/target" "-e" "CARGO_HOME=/opt/rustwide/cargo-home" "-e" "RUSTUP_HOME=/opt/rustwide/rustup-home" "-w" "/opt/rustwide/workdir" "-m" "1610612736" "--user" "0:0" "--network" "none" "rustops/crates-build-env@sha256:a636fd89d022f18117e1dc8fb37a0a009933cdbbe082814857f0e2024962d47c" "/opt/rustwide/cargo-home/bin/cargo" "+cfbc6d4cf1acbac5c025acf8ed68929caa551df3" "metadata" "--no-deps" "--format-version=1", kill_on_drop: false }`
[INFO] [stdout] a4a8db899f7efc25132720a55a27cad04f47d6bc79ce4655445b092692b82fa6
[INFO] [stderr] WARNING: Your kernel does not support swap limit capabilities or the cgroup is not mounted. Memory limited without swap.
[INFO] running `Command { std: "docker" "start" "-a" "a4a8db899f7efc25132720a55a27cad04f47d6bc79ce4655445b092692b82fa6", kill_on_drop: false }`
[INFO] running `Command { std: "docker" "inspect" "a4a8db899f7efc25132720a55a27cad04f47d6bc79ce4655445b092692b82fa6", kill_on_drop: false }`
[INFO] running `Command { std: "docker" "rm" "-f" "a4a8db899f7efc25132720a55a27cad04f47d6bc79ce4655445b092692b82fa6", kill_on_drop: false }`
[INFO] [stdout] a4a8db899f7efc25132720a55a27cad04f47d6bc79ce4655445b092692b82fa6
[INFO] running `Command { std: "docker" "create" "-v" "/var/lib/crater-agent-workspace/builds/worker-5/target:/opt/rustwide/target:rw,Z" "-v" "/var/lib/crater-agent-workspace/builds/worker-5/source:/opt/rustwide/workdir:ro,Z" "-v" "/var/lib/crater-agent-workspace/cargo-home:/opt/rustwide/cargo-home:ro,Z" "-v" "/var/lib/crater-agent-workspace/rustup-home:/opt/rustwide/rustup-home:ro,Z" "-e" "SOURCE_DIR=/opt/rustwide/workdir" "-e" "CARGO_TARGET_DIR=/opt/rustwide/target" "-e" "CARGO_INCREMENTAL=0" "-e" "RUST_BACKTRACE=full" "-e" "RUSTFLAGS=--cap-lints=forbid" "-e" "CARGO_HOME=/opt/rustwide/cargo-home" "-e" "RUSTUP_HOME=/opt/rustwide/rustup-home" "-w" "/opt/rustwide/workdir" "-m" "1610612736" "--user" "0:0" "--network" "none" "rustops/crates-build-env@sha256:a636fd89d022f18117e1dc8fb37a0a009933cdbbe082814857f0e2024962d47c" "/opt/rustwide/cargo-home/bin/cargo" "+cfbc6d4cf1acbac5c025acf8ed68929caa551df3" "check" "--frozen" "--all" "--all-targets" "--message-format=json", kill_on_drop: false }`
[INFO] [stdout] e57a5cf936f60ebc4bc17a227735a3fc4d295d9a53fb95b1b156ff74d124c1ff
[INFO] [stderr] WARNING: Your kernel does not support swap limit capabilities or the cgroup is not mounted. Memory limited without swap.
[INFO] running `Command { std: "docker" "start" "-a" "e57a5cf936f60ebc4bc17a227735a3fc4d295d9a53fb95b1b156ff74d124c1ff", kill_on_drop: false }`
[INFO] [stderr]    Compiling semver-parser v0.7.0
[INFO] [stderr]    Compiling proc-macro2 v1.0.18
[INFO] [stderr]    Compiling typenum v1.12.0
[INFO] [stderr]    Compiling unicode-xid v0.2.0
[INFO] [stderr]    Compiling syn v1.0.30
[INFO] [stderr]    Compiling cortex-m v0.6.2
[INFO] [stderr]     Checking stable_deref_trait v1.1.1
[INFO] [stderr]     Checking vcell v0.1.2
[INFO] [stderr]    Compiling cortex-m-rt v0.6.12
[INFO] [stderr]     Checking futures-core v0.3.5
[INFO] [stderr]     Checking futures-sink v0.3.5
[INFO] [stderr]     Checking r0 v0.2.2
[INFO] [stderr]    Compiling stm32f1 v0.11.0
[INFO] [stderr]     Checking pin-utils v0.1.0
[INFO] [stderr]     Checking void v1.0.2
[INFO] [stderr]     Checking futures-task v0.3.5
[INFO] [stderr]    Compiling cortex-m-semihosting v0.3.5
[INFO] [stderr]     Checking nb v0.1.2
[INFO] [stderr]     Checking futures-io v0.3.5
[INFO] [stderr]     Checking volatile-register v0.2.0
[INFO] [stderr]     Checking futures-channel v0.3.5
[INFO] [stderr]     Checking embedded-hal v0.2.3
[INFO] [stderr]    Compiling semver v0.9.0
[INFO] [stderr]    Compiling rustc_version v0.2.3
[INFO] [stderr]    Compiling bare-metal v0.2.4
[INFO] [stderr]    Compiling cast v0.2.3
[INFO] [stderr]    Compiling quote v1.0.7
[INFO] [stderr]     Checking generic-array v0.13.2
[INFO] [stderr]     Checking generic-array v0.12.3
[INFO] [stderr]     Checking as-slice v0.1.3
[INFO] [stderr]     Checking aligned v0.3.2
[INFO] [stderr]     Checking panic-semihosting v0.5.3
[INFO] [stderr]    Compiling cortex-m-rt-macros v0.1.8
[INFO] [stderr]    Compiling pin-project-internal v0.4.20
[INFO] [stderr]     Checking pin-project v0.4.20
[INFO] [stderr]     Checking futures-util v0.3.5
[INFO] [stderr]     Checking futures v0.3.5
[INFO] [stderr]     Checking stm32f1xx-hal v0.6.0
[INFO] [stderr]     Checking async-stm32f1xx v0.2.1 (/opt/rustwide/workdir)
[INFO] [stdout] error[E0433]: failed to resolve: use of undeclared type or module `async_embedded`
[INFO] [stdout]   --> examples/3-mutex.rs:27:5
[INFO] [stdout]    |
[INFO] [stdout] 27 | use async_embedded::{task, unsync::Mutex};
[INFO] [stdout]    |     ^^^^^^^^^^^^^^ use of undeclared type or module `async_embedded`
[INFO] [stdout] 
[INFO] [stdout] 
[INFO] [stdout] error[E0432]: unresolved import `async_embedded`
[INFO] [stdout]   --> examples/3-mutex.rs:27:5
[INFO] [stdout]    |
[INFO] [stdout] 27 | use async_embedded::{task, unsync::Mutex};
[INFO] [stdout]    |     ^^^^^^^^^^^^^^ use of undeclared type or module `async_embedded`
[INFO] [stdout] 
[INFO] [stdout] 
[INFO] [stdout] error[E0412]: cannot find type `Mutex` in this scope
[INFO] [stdout]   --> examples/3-mutex.rs:35:19
[INFO] [stdout]    |
[INFO] [stdout] 35 |     static mut X: Mutex<u32> = Mutex::new(0);
[INFO] [stdout]    |                   ^^^^^ not found in this scope
[INFO] [stdout]    |
[INFO] [stdout] help: consider importing this struct
[INFO] [stdout]    |
[INFO] [stdout] 27 | use crate::_::interrupt::Mutex;
[INFO] [stdout]    |
[INFO] [stdout] 
[INFO] [stdout] 
[INFO] [stdout] error[E0432]: unresolved import `async_embedded`
[INFO] [stdout]  --> examples/5-heartbeat.rs:8:5
[INFO] [stdout]   |
[INFO] [stdout] 8 | use async_embedded::task;
[INFO] [stdout]   |     ^^^^^^^^^^^^^^ use of undeclared type or module `async_embedded`
[INFO] [stdout] 
[INFO] [stdout] 
[INFO] [stdout] error[E0433]: failed to resolve: use of undeclared type or module `Mutex`
[INFO] [stdout]   --> examples/3-mutex.rs:35:32
[INFO] [stdout]    |
[INFO] [stdout] 35 |     static mut X: Mutex<u32> = Mutex::new(0);
[INFO] [stdout]    |                                ^^^^^ not found in this scope
[INFO] [stdout]    |
[INFO] [stdout] help: consider importing this struct
[INFO] [stdout]    |
[INFO] [stdout] 27 | use crate::_::interrupt::Mutex;
[INFO] [stdout]    |
[INFO] [stdout] 
[INFO] [stdout] 
[INFO] [stdout] error: language item required, but not found: `eh_personality`
[INFO] [stdout] 
[INFO] [stdout] 
[INFO] [stdout] error: language item required, but not found: `eh_personality`
[INFO] [stdout] 
[INFO] [stdout] 
[INFO] [stdout] error[E0432]: unresolved import `async_embedded`
[INFO] [stdout]   --> examples/2-share.rs:18:5
[INFO] [stdout]    |
[INFO] [stdout] 18 | use async_embedded::task;
[INFO] [stdout]    |     ^^^^^^^^^^^^^^ use of undeclared type or module `async_embedded`
[INFO] [stdout] 
[INFO] [stdout] 
[INFO] [stdout] error: language item required, but not found: `eh_personality`
[INFO] [stdout] 
[INFO] [stdout] 
[INFO] [stdout] error[E0432]: unresolved import `async_embedded`
[INFO] [stdout]   --> examples/1-yield.rs:16:5
[INFO] [stdout]    |
[INFO] [stdout] 16 | use async_embedded::task;
[INFO] [stdout]    |     ^^^^^^^^^^^^^^ use of undeclared type or module `async_embedded`
[INFO] [stdout] 
[INFO] [stdout] 
[INFO] [stdout] error: aborting due to 2 previous errors
[INFO] [stdout] 
[INFO] [stdout] 
[INFO] [stdout] For more information about this error, try `rustc --explain E0432`.
[INFO] [stdout] 
[INFO] [stderr] error: could not compile `async-stm32f1xx`.
[INFO] [stderr] 
[INFO] [stderr] To learn more, run the command again with --verbose.
[INFO] [stderr] warning: build failed, waiting for other jobs to finish...
[INFO] [stdout] error[E0432]: unresolved import `async_embedded`
[INFO] [stdout]  --> examples/7-echo.rs:8:5
[INFO] [stdout]   |
[INFO] [stdout] 8 | use async_embedded::task;
[INFO] [stdout]   |     ^^^^^^^^^^^^^^ use of undeclared type or module `async_embedded`
[INFO] [stdout] 
[INFO] [stdout] 
[INFO] [stdout] error: language item required, but not found: `eh_personality`
[INFO] [stdout] 
[INFO] [stdout] 
[INFO] [stdout] error: language item required, but not found: `eh_personality`
[INFO] [stdout] 
[INFO] [stdout] 
[INFO] [stdout] error: aborting due to 5 previous errors
[INFO] [stdout] 
[INFO] [stdout] 
[INFO] [stdout] Some errors have detailed explanations: E0412, E0432, E0433.
[INFO] [stdout] 
[INFO] [stdout] For more information about an error, try `rustc --explain E0412`.
[INFO] [stdout] 
[INFO] [stdout] error: aborting due to 2 previous errors
[INFO] [stdout] 
[INFO] [stdout] 
[INFO] [stdout] For more information about this error, try `rustc --explain E0432`.
[INFO] [stdout] 
[INFO] [stdout] error[E0432]: unresolved import `async_embedded`
[INFO] [stdout]  --> examples/6-hello.rs:8:5
[INFO] [stdout]   |
[INFO] [stdout] 8 | use async_embedded::task;
[INFO] [stdout]   |     ^^^^^^^^^^^^^^ use of undeclared type or module `async_embedded`
[INFO] [stdout] 
[INFO] [stdout] 
[INFO] [stdout] error: language item required, but not found: `eh_personality`
[INFO] [stdout] 
[INFO] [stdout] 
[INFO] [stdout] error: aborting due to 2 previous errors
[INFO] [stdout] 
[INFO] [stdout] 
[INFO] [stdout] For more information about this error, try `rustc --explain E0432`.
[INFO] [stdout] 
[INFO] [stdout] error: aborting due to 2 previous errors
[INFO] [stdout] 
[INFO] [stdout] 
[INFO] [stdout] For more information about this error, try `rustc --explain E0432`.
[INFO] [stdout] 
[INFO] [stdout] error[E0433]: failed to resolve: use of undeclared type or module `async_embedded`
[INFO] [stdout]   --> examples/4-channel.rs:17:5
[INFO] [stdout]    |
[INFO] [stdout] 17 | use async_embedded::{task, unsync::Channel};
[INFO] [stdout]    |     ^^^^^^^^^^^^^^ use of undeclared type or module `async_embedded`
[INFO] [stdout] 
[INFO] [stdout] 
[INFO] [stdout] error[E0432]: unresolved import `async_embedded`
[INFO] [stdout]   --> examples/4-channel.rs:17:5
[INFO] [stdout]    |
[INFO] [stdout] 17 | use async_embedded::{task, unsync::Channel};
[INFO] [stdout]    |     ^^^^^^^^^^^^^^ use of undeclared type or module `async_embedded`
[INFO] [stdout] 
[INFO] [stdout] 
[INFO] [stdout] error[E0412]: cannot find type `Channel` in this scope
[INFO] [stdout]   --> examples/4-channel.rs:25:25
[INFO] [stdout]    |
[INFO] [stdout] 25 |     static mut CHANNEL: Channel<u32> = Channel::new();
[INFO] [stdout]    |                         ^^^^^^^ not found in this scope
[INFO] [stdout]    |
[INFO] [stdout] help: consider importing one of these items
[INFO] [stdout]    |
[INFO] [stdout] 17 | use crate::_::pwm::Channel;
[INFO] [stdout]    |
[INFO] [stdout] 17 | use embedded_hal::adc::Channel;
[INFO] [stdout]    |
[INFO] [stdout] 17 | use stm32f1xx_hal::pwm::Channel;
[INFO] [stdout]    |
[INFO] [stdout] 
[INFO] [stdout] 
[INFO] [stdout] error[E0433]: failed to resolve: use of undeclared type or module `Channel`
[INFO] [stdout]   --> examples/4-channel.rs:25:40
[INFO] [stdout]    |
[INFO] [stdout] 25 |     static mut CHANNEL: Channel<u32> = Channel::new();
[INFO] [stdout]    |                                        ^^^^^^^ not found in this scope
[INFO] [stdout]    |
[INFO] [stdout] help: consider importing one of these items
[INFO] [stdout]    |
[INFO] [stdout] 17 | use crate::_::pwm::Channel;
[INFO] [stdout]    |
[INFO] [stdout] 17 | use embedded_hal::adc::Channel;
[INFO] [stdout]    |
[INFO] [stdout] 17 | use stm32f1xx_hal::pwm::Channel;
[INFO] [stdout]    |
[INFO] [stdout] 
[INFO] [stdout] 
[INFO] [stdout] error: language item required, but not found: `eh_personality`
[INFO] [stdout] 
[INFO] [stdout] 
[INFO] [stdout] error: aborting due to 2 previous errors
[INFO] [stdout] 
[INFO] [stdout] 
[INFO] [stdout] For more information about this error, try `rustc --explain E0432`.
[INFO] [stdout] 
[INFO] [stdout] error[E0698]: type inside `async` block must be known in this context
[INFO] [stdout]   --> examples/4-channel.rs:33:22
[INFO] [stdout]    |
[INFO] [stdout] 33 |         channel.send(42).await;
[INFO] [stdout]    |                      ^^ cannot infer type for type `{integer}`
[INFO] [stdout]    |
[INFO] [stdout] note: the type is part of the `async` block because of this `await`
[INFO] [stdout]   --> examples/4-channel.rs:33:9
[INFO] [stdout]    |
[INFO] [stdout] 33 |         channel.send(42).await;
[INFO] [stdout]    |         ^^^^^^^^^^^^^^^^^^^^^^
[INFO] [stdout] 
[INFO] [stdout] 
[INFO] [stdout] error: aborting due to 6 previous errors
[INFO] [stdout] 
[INFO] [stdout] 
[INFO] [stdout] Some errors have detailed explanations: E0412, E0432, E0433, E0698.
[INFO] [stdout] 
[INFO] [stdout] For more information about an error, try `rustc --explain E0412`.
[INFO] [stdout] 
[INFO] [stderr] error: build failed
[INFO] running `Command { std: "docker" "inspect" "e57a5cf936f60ebc4bc17a227735a3fc4d295d9a53fb95b1b156ff74d124c1ff", kill_on_drop: false }`
[INFO] running `Command { std: "docker" "rm" "-f" "e57a5cf936f60ebc4bc17a227735a3fc4d295d9a53fb95b1b156ff74d124c1ff", kill_on_drop: false }`
[INFO] [stdout] e57a5cf936f60ebc4bc17a227735a3fc4d295d9a53fb95b1b156ff74d124c1ff
